o base 9
1815128
What is -5035262 (base 10) in base 6?
-255531222
What is -77baa (base 12) in base 13?
-5747b
What is -443954 (base 10) in base 5?
-103201304
2c779 (base 14) to base 7
642212
Convert -10303132221 (base 4) to base 16.
-1337a9
Convert 32224314 (base 5) to base 3.
111220110101
What is 100022101200 (base 3) in base 9?
308350
10311200231 (base 4) to base 11
796537
-23222310 (base 4) to base 7
-256230
Convert -19a6414 (base 12) to base 15.
-727e97
-302402043 (base 5) to base 11
-760582
Convert 4213164 (base 10) to base 16.
4049ac
What is 3838122 (base 9) in base 12?
84aa0b
-a15da (base 15) to base 10
-510955
What is 33123043 (base 5) in base 3?
112112100110
What is -4080682 (base 9) in base 7?
-24343136
-1b17b42 (base 12) to base 7
-66640004
-11101201100 (base 3) to base 4
-111020100
-13427344 (base 8) to base 3
-12200202210112
Convert 32154144 (base 6) to base 8.
3474120
Convert 1001010101001010111 (base 2) to base 13.
a9224
What is -b491 (base 15) in base 9?
-57311
-203140030 (base 5) to base 11
-51a469
-20121200102 (base 3) to base 13
-4739c
289337 (base 12) to base 2
10100101111010011011
-20313012120 (base 4) to base 10
-2322840
Convert 10311221 (base 6) to base 9.
514164
100011100111000001 (base 2) to base 15
2d33c
103102102 (base 4) to base 10
78994
What is 42777236 (base 8) in base 13?
1b93011
-110111000100110010110 (base 2) to base 10
-1804694
-2518a2 (base 11) to base 12
-1721b2
Convert 10110110100010 (base 2) to base 9.
17020
What is 1760519 (base 10) in base 8?
6556407
-788672 (base 13) to base 12
-b53152
Convert 26ac05 (base 13) to base 8.
3447743
What is 347a727 (base 11) in base 12?
204bb48
1b82440 (base 12) to base 3
102002101211010
-28c7a6 (base 16) to base 2
-1010001100011110100110
-230123 (base 8) to base 9
-127773
66750 (base 9) to base 2
1010110101000000
-1243431432 (base 5) to base 13
-84aa92
Convert 101003131 (base 4) to base 14.
1b657
Convert 51a33 (base 14) to base 9.
328888
7705314 (base 8) to base 13
574b85
-cc6d (base 16) to base 14
-15101
What is -211205055 (base 7) in base 11?
-707207a
4475505 (base 10) to base 8
21045161
What is 1106364 (base 8) in base 11?
194077
1b13879 (base 13) to base 5
4242311021
What is -1171848 (base 11) in base 4?
-13301123022
Convert -15818 (base 14) to base 2.
-1101000111011110
Convert 86c60 (base 13) to base 6.
5120332
What is -7dda0b (base 16) in base 10?
-8247819
What is 2020201110222 (base 3) in base 13?
32b010
1011100111001010011 (base 2) to base 6
12053323
1c257 (base 14) to base 10
71813
Convert -234114403 (base 5) to base 14.
-2026bc
-1041344323 (base 6) to base 5
-10341223340
Convert 114807 (base 10) to base 12.
56533
Convert 21000021212 (base 3) to base 13.
4aa6b
-121111201101110 (base 3) to base 9
-17451343
What is 4746a (base 13) in base 16?
1fd53
Convert 32374755 (base 8) to base 4.
122133213231
Convert 11c8b (base 16) to base 14.
1c791
Convert 14433422 (base 5) to base 16.
25f5f
406002 (base 8) to base 7
1066045
Convert a34157 (base 12) to base 7.
30511465
What is -23d35 (base 15) in base 3?
-12210212012
What is 24065010 (base 7) in base 13?
599313
Convert -112110221102 (base 3) to base 10.
-284996
What is 1627368 (base 9) in base 3?
1200221102022
-1232332212 (base 4) to base 3
-212002112210
What is -3959791 (base 10) in base 11?
-2265060
29948 (base 15) to base 16
20a56
What is -1000101101110100001111 (base 2) in base 7?
-25264161
1331303303 (base 4) to base 3
222011212202
Convert 6a685 (base 13) to base 8.
573633
What is -12244220 (base 6) in base 16?
-606b4
Convert -3777740 (base 9) to base 15.
-2aa269
What is -958886 (base 13) in base 15?
-493105
-b1907 (base 13) to base 6
-10451424
What is 514253225 (base 6) in base 11?
5020273
Convert 1ac85a (base 13) to base 11.
42846a
Convert -ab1d (base 15) to base 11.
-25268
What is -219807 (base 10) in base 15?
-451dc
What is -1143215 (base 6) in base 3?
-10001210002
What is -60918 (base 13) in base 9?
-283160
208283 (base 10) to base 14
55c95
What is -1e3a (base 15) in base 9?
-10021
-11111001100111011 (base 2) to base 4
-133030323
Convert -546a2 (base 12) to base 7.
-643205
What is -245887 (base 10) in base 9?
-414257
What is -12100211101 (base 3) in base 6?
-2132444
Convert -182b4 (base 14) to base 15.
-130b3
Convert -148336 (base 11) to base 7.
-1650331
3b7212 (base 12) to base 16
f0f6e
-4003414200 (base 5) to base 3
-112210222210110
Convert -313003311 (base 4) to base 15.
-46c50
32513264 (base 7) to base 11
1638909
What is -31330723 (base 8) in base 7?
-110435331
What is -111000030 (base 4) in base 12?
-41950
What is -280081 (base 9) in base 16?
-29aa3
Convert -20322120 (base 4) to base 16.
-8e98
What is -557610 (base 10) in base 4?
-2020020222
What is -3378137 (base 10) in base 11?
-19a8054
Convert -394ac (base 15) to base 11.
-1157a8
What is b7c8a (base 13) in base 11?
207229
136c08 (base 16) to base 14
251c12
What is 6268941 (base 10) in base 9?
12714330
Convert -8c6c2 (base 13) to base 6.
-5253144
What is -430024302 (base 5) in base 3?
-10101101100121
Convert 141c0 (base 14) to base 13.
19855
Convert -86257 (base 11) to base 9.
-211033
2891915 (base 10) to base 15
3c1ce5
-26168b (base 12) to base 5
-124443104
377315 (base 10) to base 14
9b711
Convert -45350 (base 11) to base 2.
-10000000001100101
Convert -c2c85 (base 15) to base 6.
-21120455
45410355 (base 6) to base 2
101010010010001011111
-1031103 (base 4) to base 8
-11523
Convert 270709 (base 13) to base 4.
3212121121
Convert 95684 (base 14) to base 16.
58134
-122110023 (base 4) to base 2
-11010010100001011
22553 (base 8) to base 12
5663
What is -1050aa (base 11) in base 6?
-3332550
What is 37069b (base 13) in base 16?
141084
Convert -194786 (base 15) to base 16.
-12c579
-4625378 (base 9) to base 2
-1001100001101001110011
Convert -42124330 (base 5) to base 3.
-122201100101
-2123260 (base 7) to base 11
-166995
72817 (base 11) to base 14
2a971
-166012 (base 8) to base 2
-1110110000001010
Convert -21400230 (base 6) to base 5.
-130401342
What is 343330012 (base 5) in base 11?
9639aa
10301310003 (base 5) to base 9
22558523
Convert -a4794 (base 13) to base 3.
-120000121221
101010011011001001010000 (base 2) to base 16
a9b250
Convert 67a928 (base 11) to base 5.
234130342
Convert -10514141 (base 6) to base 13.
-b3182
130021111 (base 4) to base 10
115285
24d128 (base 15) to base 6
101501032
1994c7 (base 14) to base 2
11011101111110100111
7865408 (base 9) to base 11
2433488
What is -100111110001000000010101 (base 2) in base 3?
-201121121111201
-102001022222 (base 3) to base 10
-217484
What is 106018 (base 9) in base 12?
30868
What is -c6a5 (base 16) in base 4?
-30122211
43052550 (base 6) to base 16
135492
-518a8 (base 16) to base 12
-141348
What is -2012103300 (base 4) in base 9?
-1027563
Convert 104433041 (base 5) to base 2.
1110010001110111000
-44442 (base 15) to base 7
-1562354
Convert -58308 (base 11) to base 15.
-19e4e
What is 1331517 (base 16) in base 5?
20122444301
-55b69 (base 13) to base 9
-256560
Convert 1276235 (base 8) to base 11.
226182
Convert -61118 (base 10) to base 4.
-32322332
Convert 134432203 (base 5) to base 7.
5653111
What is 7b106 (base 13) in base 12?
a9951
Convert -151b4a (base 12) to base 9.
-602154
What is -4a6449 (base 11) in base 3?
-1111121012200
-4301422 (base 5) to base 14
-1c3cc
What is -3700943 (base 11) in base 9?
-13110334
What is 4589821 (base 10) in base 8?
21404375
What is 76cb8 (base 15) in base 14?
9b802
Convert -65395b (base 13) to base 12.
-968713
What is -1122135 (base 7) in base 11?
-96220
4560217 (base 8) to base 3
2022212000211
Convert 1473317 (base 9) to base 8.
3071612
What is -2142152 (base 6) in base 3?
-12102110112
-1b7c99a (base 13) to base 14
-12dc759
Convert -f9232 (base 16) to base 7.
-11450056
-11202211120 (base 3) to base 11
-64623
-113311110333 (base 4) to base 13
-13a99b8
What is -4399233 (base 10) in base 4?
-100302002001
What is -5374779 (base 10) in base 6?
-311111123
Convert 3a8a6 (base 15) to base 10.
187581
What is -23213011001 (base 4) in base 5?
-1234344044
Convert -4823da (base 15) to base 4.
-31022110102
Convert 110110111111110111 (base 2) to base 9.
373011
Convert -41510500 (base 6) to base 11.
-754721
-625818 (base 11) to base 15
-14c3c0
What is -94279 (base 12) in base 14?
-50953
-848201 (ba